nd 3548079?
171
Calculate the greatest common factor of 60 and 4281855.
15
Calculate the greatest common divisor of 84 and 3463507992.
84
What is the highest common factor of 2494 and 999234?
86
What is the greatest common divisor of 4428530 and 2960?
370
Calculate the greatest common factor of 3412405 and 13855.
815
Calculate the greatest common factor of 2977708 and 217792.
332
Calculate the highest common divisor of 2144 and 708736.
32
What is the highest common divisor of 3852 and 2289528?
36
Calculate the highest common divisor of 77220 and 28274805.
1755
Calculate the highest common divisor of 920 and 1368385.
115
Calculate the greatest common factor of 5378 and 399658003.
2689
Calculate the greatest common factor of 9512406 and 2784.
174
Calculate the greatest common factor of 40206235 and 10508.
2627
What is the highest common factor of 4632 and 3999096?
24
What is the highest common divisor of 1152 and 1198368?
288
Calculate the highest common divisor of 6210328 and 4832.
1208
What is the greatest common divisor of 214151464 and 64360?
12872
What is the highest common factor of 43656 and 100504?
136
What is the highest common factor of 2400 and 1735296?
96
What is the highest common divisor of 2877 and 33547738?
959
What is the greatest common factor of 1583736 and 396?
132
What is the greatest common divisor of 531754 and 416906?
194
Calculate the highest common divisor of 607742902 and 26.
26
Calculate the greatest common divisor of 2543362 and 568.
142
What is the greatest common divisor of 8810796 and 2028?
12
Calculate the highest common divisor of 19724050 and 80.
10
Calculate the greatest common factor of 650 and 54753400.
650
What is the greatest common factor of 4964255 and 765?
85
What is the highest common factor of 2503832 and 872?
8
What is the greatest common factor of 40 and 104629715?
5
What is the highest common divisor of 64 and 9193792?
64
What is the greatest common factor of 4716 and 2134746?
18
What is the greatest common factor of 3871957 and 3865?
773
Calculate the greatest common divisor of 10 and 170609310.
10
What is the highest common factor of 572049 and 23193?
27
Calculate the greatest common factor of 162 and 74964852.
162
What is the greatest common divisor of 1451917 and 3182?
37
What is the highest common divisor of 280960 and 25600?
640
Calculate the highest common factor of 1764 and 2144868.
12
Calculate the highest common factor of 14 and 618748193.
7
Calculate the greatest common divisor of 3110 and 60090.
10
What is the greatest common divisor of 4190334 and 9150?
366
Calculate the highest common divisor of 3392159 and 53.
53
What is the greatest common divisor of 1956 and 237168?
12
Calculate the greatest common factor of 2014 and 33499660.
38
What is the greatest common divisor of 5921 and 534991?
191
What is the greatest common factor of 65341 and 475798?
361
Calculate the greatest common divisor of 1308694 and 432866.
1262
What is the highest common factor of 209429 and 11218?
79
Calculate the greatest common factor of 17 and 6730606.
17
Calculate the highest common factor of 332210 and 438565.
1195
What is the highest common divisor of 9162312 and 7185?
1437
Calculate the greatest common factor of 3057230 and 990.
110
Calculate the highest common factor of 3245520 and 2208.
48
Calculate the greatest common factor of 21335677 and 58.
29
What is the greatest common factor of 10765 and 4562207?
2153
What is the greatest common divisor of 84825 and 69455?
145
Calculate the greatest common divisor of 9584 and 1206163172.
2396
Calculate the highest common factor of 1474694 and 1352.
338
What is the highest common divisor of 361384 and 69252?
796
Calculate the highest common factor of 1818 and 71306.
202
Calculate the greatest common divisor of 1386368 and 3712.
128
What is the highest common divisor of 65848976 and 14?
2
Calculate the highest common factor of 1905 and 279208865.
635
Calculate the highest common factor of 123600378 and 11.
11
Calculate the greatest common divisor of 95 and 18185.
5
What is the highest common divisor of 9870096 and 3216?
48
Calculate the greatest common factor of 320885 and 63713.
29
What is the highest common factor of 11796911 and 14?
7
What is the highest common divisor of 215968 and 5168?
272
Calculate the greatest common factor of 2583304 and 12416.
776
Calculate the greatest common factor of 3875 and 142383.
31
What is the highest common factor of 42010918 and 302?
302
Calculate the greatest common factor of 5918515 and 67430.
3065
Calculate the highest common factor of 18968608 and 35552.
3232
What is the highest common divisor of 1924282 and 91561?
1501
What is the greatest common divisor of 140993274 and 5202?
1734
Calculate the greatest common factor of 3434 and 298792.
34
Calculate the greatest common factor of 4424 and 2451848.
56
What is the highest common divisor of 210552 and 648?
24
What is the greatest common divisor of 5171046 and 2442?
222
What is the highest common divisor of 13946 and 165150?
734
Calculate the greatest common factor of 480 and 8161170.
30
Calculate the highest common factor of 8748873 and 252.
63
Calculate the highest common factor of 26575002 and 13645.
2729
What is the highest common divisor of 26614 and 11760?
14
Calculate the highest common factor of 6 and 1401972.
6
Calculate the highest common factor of 108 and 159582060.
36
What is the greatest common divisor of 74656888 and 12?
4
Calculate the greatest common factor of 79964124 and 1212.
1212
What is the greatest common divisor of 8315978 and 110?
22
What is the highest common divisor of 15 and 1382409?
3
What is the greatest common divisor of 91212 and 27852?
132
What is the greatest common divisor of 96264 and 91827834?
8022
Calculate the greatest common divisor of 6404057 and 1155.
11
Calculate the greatest common factor of 1471059 and 3555.
711
Calculate the greatest common divisor of 41910 and 11616690.
3810
Calculate the highest common factor of 235976067 and 342.
171
What is the greatest common divisor of 20259708 and 9940?
1988
What is the highest common factor of 17530 and 1600?
10
Calculate the greatest common divisor of 488356 and 118580.
484
Calculate the greatest common factor of 28659 and 109306.
41
Calculate the greatest common divisor of 455 and 102130.
35
What is the greatest common divisor of 685 and 44251685?
685
Calculate the highest common factor of 8584 and 1847246756.
4292
Calculate the greatest common factor of 13530 and 1557795.
615
What is the greatest common divisor of 862 and 163148?
2
What is the highest common factor of 4108 and 3092297?
1027
What is the greatest common factor of 6364862 and 6405?
427
Calculate the greatest common factor of 2697180 and 180.
60
What is the highest common factor of 519 and 46499113?
173
Calculate the highest common factor of 785181 and 381333.
237
Calculate the highest common factor of 33734 and 3139282.
202
Calculate the highest common divisor of 78 and 46661862.
78
What is the highest common factor of 54 and 495425052?
54
What is the highest common divisor of 160904274 and 109?
109
Calculate the greatest common divisor of 398993034 and 4818.
4818
Calculate the greatest common factor of 33 and 16946875.
11
Calculate the greatest common factor of 33848 and 32824.
8
What is the greatest common factor of 15 and 43620645?
15
What is the highest common factor of 13 and 102355?
1
Calculate the highest common divisor of 22 and 9545503.
11
What is the highest common factor of 7851548 and 2812?
148
Calculate the highest common factor of 161800 and 11225.
25
What is the greatest common factor of 1095370 and 126?
2
Calculate the greatest common divisor of 31204862 and 104.
26
What is the highest common factor of 35507496 and 528?
24
Calculate the highest common factor of 16623194 and 317228.
2234
Calculate the highest common divisor of 100782 and 282942.
198
Calculate the greatest common divisor of 177 and 23909927.
59
What is the greatest common divisor of 3951 and 56691?
9
What is the highest common divisor of 68395 and 9055?
5
Calculate the greatest common factor of 292 and 3248573.
73
Calculate the greatest common divisor of 753427 and 14.
1
Calculate the greatest common divisor of 2077722 and 54.
18
Calculate 